et p = -2403 + 2398. Give j(p).
15
Let o(i) = i + 9. Suppose 3*k + 2*b - 60 = -b, 0 = -5*k - b + 100. Let l = k + -17. Suppose -l = 4*u + 25. Determine o(u).
2
Let u = 35 - 15. Let o = -21 + u. Let n(k) be the first derivative of -2*k**4 + k**3/3 + k**2/2 - 1. What is n(o)?
8
Let p(i) = -2*i + 12. Suppose -301 = 8*d - 429. Give p(d).
-20
Let h(k) = 2*k + 17 - 17. Let d = -72 - -12. Let a be (-6)/4*d/18. Determine h(a).
10
Let y(f) = 7*f**2 - 6*f - 3. Suppose -3*z - 15 = -42. Let q(w) = -7*w**2 + 11 - z + 5*w + w**2. Let k(v) = 3*q(v) + 2*y(v). Determine k(2).
-10
Let s(l) be the second derivative of -l**8/6720 + l**7/504 + l**6/360 - l**5/20 + 2*l**4/3 + 17*l. Let t(n) be the third derivative of s(n). Determine t(5).
4
Suppose -3*v - 6*f = -f + 3, 4*f = 4*v + 36. Let u(n) = n**2 + 0 + 3 - 7 + 1. Let h(t) = t. Let y(o) = -4*h(o) - u(o). What is y(v)?
-9
Let g(x) = -5*x**2 - 2*x + 7. Let o(s) = 11*s**2 + 4*s - 14. Let u(y) = -9*g(y) - 4*o(y). Suppose -2 - 20 = 2*b. Let f = -16 - b. Determine u(f).
8
Let n(j) = -j + 5. Let g(l) = 3. Let m(x) = 2*g(x) - n(x). Determine m(3).
4
Suppose 14*l + 4*l - 18 = 0. Let w(x) = -6*x - 3. Calculate w(l).
-9
Let m(d) = d**2 - 6*d + 3. Let b be 0/9 + (-8)/(1*-2). What is m(b)?
-5
Let t(v) = -v**2 + 0*v**2 + 2*v**2. Suppose -12*i + 7 = -16*i - z, 0 = -2*i + 5*z + 13. Calculate t(i).
1
Let w(n) = -6 + 5*n - 3*n + 1. Suppose 2*j + 6*j - 48 = 0. Determine w(j).
7
Let t be (-44)/77 + (-138)/(-21). Let q(u) = u**3 - 8*u**2 + 8*u + 12. Calculate q(t).
-12
Let v(t) = t**2 - t - 1. Let u(k) = -3*k**2 - k - 6. Let h be -1 - 1/(2/(-2 - 2)). Let i(j) = h*u(j) + 4*v(j). Let a = 19 - 12. Determine i(a).
4
Suppose 13 = -d + 3*h, 6*h - 31 = -3*d + h. Suppose -4*l - 1 = a, 5*a = d*a - 4*l + 5. Let f(s) = -s**3 + 4*s**2 - s + 1. Give f(a).
7
Let y(o) = 2*o**2 + o - 4. Suppose 26 = -33*p - 40. Determine y(p).
2
Let m(h) = h**2 - 7*h + 3. Suppose 5*k = 4*t + 8*k - 35, 2*k = 2*t. Let v be 1 - (-3 + t + -2). Let d be (-15 + v)/(-2) - 1. Determine m(d).
-3
Let i(r) be the second derivative of r**5/20 + 5*r**4/12 + 5*r**2/2 + 3*r + 23. Calculate i(-5).
5
Let y(o) = -4*o**3 + o - 6 - 5*o**2 + 10*o**2 - 5*o - 2*o. Let g(l) = l**2 - l - 1. Let q(k) = 6*g(k) - y(k). Calculate q(1).
5
Suppose 2*l - 4*r = -16, -3*r + 24 = 2*l + r. Let m(o) be the first derivative of -1/3*o**3 - 1 - 1/2*o**l - o + 5/4*o**4. Give m(-1).
-6
Suppose 0*c + 4*c - r = 17, -3*r - 11 = -2*c. Let z(b) = b. Calculate z(c).
4
Let u = -3 + 16. Let s(o) = -6 - 3 + 2 + u - o. Determine s(5).
1
Let s(b) = b + 7. Let j be s(-5). Let w = -39 + 68. Let t(l) = -64*l + 31*l + w*l. What is t(j)?
-8
Let m(u) = u**3 + 10*u**2 - 11*u + 13. Suppose q + 0*c - 2*c + 3 = 0, 3*q + c = -37. Determine m(q).
13
Let k(f) = 7763*f**2 - 3 + 3*f - f**3 + 3*f + 13 - 7765*f**2. Give k(-3).
1
Let h(u) = -2*u - 6*u**2 + 6*u + u + 13 - 9 + 0*u + u**3. Suppose g + 2*g = 39. Let v = g + -8. Calculate h(v).
4
Let y = -82 + 67. Let t be 14/(-8) + y/(-20). Let n(j) = -10*j**2 - j - 1. What is n(t)?
-10
Suppose -l = k - 11, 3*k + 16 = 76*l - 72*l. Let d(o) = -4*o + 2. What is d(l)?
-26
Let p(r) be the second derivative of 0 - 7/2*r**2 + 8*r + 1/6*r**3. Give p(8).
1
Let u(w) = w - 7. Let c be (-465)/(-36) + 39/468. What is u(c)?
6
Let r(f) be the second derivative of 1/2*f**2 - 9*f - 1/6*f**3 + 0. Give r(-4).
5
Let l(r) = -20*r - 18. Let p be l(-1). Let s(h) = -2*h + 3. Determine s(p).
-1
Let d(q) = 10 + 0*q + 2*q + 2*q - 10*q + 4*q. Suppose -c + 14 = c. Determine d(c).
-4
Let g = -53 + 82. Let j(d) = 24 - 48 - 12*d - d**2 + g. Determine j(-13).
-8
Let i = -614 + 602. Let a(t) = -1 + 0*t - 14 - t. Let b be a(i). Let v(f) = -f - 1. What is v(b)?
2
Suppose -3*k - r + 16 = -2*r, 0 = -5*k - 2*r + 12. Let u(y) = 10*y - 38. Calculate u(k).
2
Let l(z) = 6*z**2 + z + 1. Suppose 3*c + 3*t - 69 = 0, -4*c + 7 = -t - 90. Suppose 2*n - 22 = -c. Give l(n).
6
Suppose -z = -5*k - 3, -12 = -3*z - z + 3*k. Let v = z - 3. Let r(h) = h - 14. Give r(v).
-14
Let c be 15/6*((-28)/(-10) + 0). Let q be -3*c/21*(-7 - 0). Let u(p) = p**2 - 9*p + 2. Determine u(q).
-12
Let k(c) = -2*c - 12. Let b = -1801 - -1789. Give k(b).
12
Let v(t) = 3*t - 3. Let u(p) = 52*p + 159. Let h be u(-3). Calculate v(h).
6
Let x(m) = m - 6. Let z be 14/49 + 54/7. Let f be x(z). Suppose 4*c - 2*h + 12 = 0, -5*c + 0*c - f*h = 6. Let a(g) = -g**2 + 2*g - 1. Calculate a(c).
-9
Let j(c) = 4*c - 63 + 62 + 0*c - 5*c**2 - 2*c. What is j(1)?
-4
Let m(j) be the first derivative of -7 + 1/4*j**4 - 7/2*j**2 + 3*j + 2*j**3. Determine m(-7).
3
Let p(c) be the second derivative of -c**5/20 - 11*c**4/12 - 4*c**3/3 + 9*c**2/2 - 22*c + 2. What is p(-10)?
-11
Let g(r) = -11*r - 6. Let q(h) = 3*h - 41. Let l be q(12). Calculate g(l).
49
Let a(s) be the third derivative of -s**4/24 + s**3/3 + 23*s**2. Suppose h + 2*p - 8 = 4*p, 5*h = -2*p - 8. Determine a(h).
2
Let p(g) be the second derivative of -g**3/3 + g**2 + 291*g. Let x(z) = 3*z - 1. Let l be x(1). Determine p(l).
-2
Let l be ((-5)/(-2) - 31/(-62)) + -1. Let r(u) = -8*u + 3*u - u. Calculate r(l).
-12
Let b(s) be the second derivative of -17*s**5/20 - s**3/3 + s**2 + 43*s. What is b(1)?
-17
Suppose -3*t - 7 = 2. Let j(q) = -2*q**2 - 6*q + 4. Give j(t).
4
Let m(f) be the first derivative of 2*f**2 - 2*f + 105. Give m(-5).
-22
Suppose -37*z + 45*z + 56 = 0. Let p(f) = 10 - f - f**3 - 4*f**2 - 3*f**2 + 2*f. What is p(z)?
3
Let l(i) = i + 8. Let d be l(-7). Let k(m) = 5 + d + 3 + 1 - m. Let t be 3*8/(-12) + 9. Give k(t).
3
Suppose -a + 0*a = 27. Let g = -25 - a. Suppose -4 = -g*q + 6*q. Let j(v) = -5*v**2 + 1. Give j(q).
-4
Suppose -4*x - 1 = -b, 10*b = 5*b + 5. Suppose x*g + 18 = -6*g. Let h(a) = a - 1. Determine h(g).
-4
Let u(n) be the second derivative of -1/2*n**3 - 7/24*n**4 + 1/2*n**2 - 1/60*n**5 + 5*n + 0. Let y(q) be the first derivative of u(q). Give y(-5).
7
Let d(h) = 2*h + h + 7 + 0*h. Suppose 9*z - 3*z = -z. Suppose z = -3*b - 0*b - 18. Calculate d(b).
-11
Let a(x) = -7*x**3 - 2*x**2 - 2*x - 1. Let t(j) = -j**2 - 11*j - 1. Let f be t(-11). Determine a(f).
6
Let z(f) = f - 5. Let l be z(9). Let u(x) = 2*x + 2. Let q(c) = -c - 1. Let n(p) = 7*q(p) + 3*u(p). Give n(l).
-5
Let u(r) = -21*r + 3. Let n(p) = -5*p. Let f(m) = 4*n(m) - u(m). Determine f(6).
3
Suppose 2 = 2*b - 12. Let n(x) = 0 - b*x**2 - x**3 + 1 + 0 - x. Calculate n(-7).
8
Let g(l) = 18*l**2 + 19*l - 4. Let h(m) = 5*m**2 + 6*m - 1. Let o(k) = -2*g(k) + 7*h(k). Calculate o(2).
5
Let s(t) be the second derivative of t**3/3 - t**2/2 - 3*t. Suppose 0 = 2*x - h - h - 10, -2*h = 2*x - 14. Let f be (-9)/6 + (-3)/x. What is s(f)?
-5
Let u(w) = w**3 + 6*w**2 + 3*w - 2. Suppose -5*p + 17 = -2*c, 0 = 2*p - 0*c + 2*c - 4. Suppose -4*j + 2*j = 3*o + 4, p*j = -5*o - 5. Calculate u(j).
8
Let n(m) = -5*m + 9. Let o(c) = 2*c**2 + 26*c + 17. Let a be o(-12). What is n(a)?
44
Let s = 8 + 6. Let i(o) be the second derivative of o**3/2 + 5*o**2 + 2*o. Let q(u) = -u - 3. Let p(x) = s*q(x) + 4*i(x). Give p(6).
-14
Let q(c) = -c**3 - 5*c**2 - 5*c - 4. Let v(z) = -z**2 - 11*z + 4. Let w be v(-11). Suppose 3*i + 5 = -w, -6 = -2*p + 4*i. Calculate q(p).
-7
Let a(c) be the third derivative of -c**5/60 - c**4/8 - c**3/3 - c**2 + 17. Calculate a(-1).
0
Suppose -4*s + 5*s = k - 14, 0 = -s - 2. Let b(p) = p**2 - 11*p + 2. Calculate b(k).
14
Let h be (-6)/(-21) - (-66)/14. Let z(s) = -4*s**3 + 9*s**2 - 6*s + 12. Let b(o) = -7*o**3 + 17*o**2 - 12*o + 21. Let p(m) = 3*b(m) - 5*z(m). Calculate p(h).
-2
Let x(h) = 5*h**2 - h + 17. Let o(p) = -p**2 - 1. Let s(f) = -6*o(f) - x(f). Let w(u) be the first derivative of s(u). What is w(-5)?
-9
Let q(z) = 13*z. Let r(h) = -94*h + 4. Let w(f) = -14*q(f) - 2*r(f). Give w(4).
16
Let o(t) be the third derivative of t**8/2016 - t**6/720 - t**5/60 - 3*t**2. Let d(k) be the third derivative of o(k). Let r = 99 - 98. What is d(r)?
9
Let n(o) be the third derivative of -o**4/12 - o**3 + 155*o**2 - 2. Suppose -17 = -2*h + 5*h - 2*s, -s + 6 = -h. Calculate n(h).
4
Suppose 4*j + 1 = 13. Let v(q) = -17*q**2 - 3*q + 5. Let x(w) = -5*w**2 - w + 1. Let f(r) = -v(r) + 3*x(r). Give f(j).
16
Let l(r) = r**3 + 4*r**2 + 4*r + 3. Suppose 20*g - 25*g + 8 = 3*o, -g - 16 = 5*o. Give l(o).
-13
Let q(z) = -z**2 - 10*z - 5. Let t be q(-9). Let h(b) = b**2 - 5*b + 6.